Dec 02 06:39:27.612 INFO testing Jengamon/Mister against master#8940af3cea4a9a9deabcaf843b2f8cad9a83fc61 for beta-1.31-5
Dec 02 06:39:27.613 INFO running `"docker" "create" "-v" "/mnt/big/crater/work/local/target-dirs/beta-1.31-5/worker-2/master#8940af3cea4a9a9deabcaf843b2f8cad9a83fc61:/target:rw,Z" "-v" "/mnt/big/crater/work/local/test-source/worker-2/beta-1.31-5/master#8940af3cea4a9a9deabcaf843b2f8cad9a83fc61:/source:ro,Z" "-v" "/mnt/big/crater/work/local/cargo-home:/cargo-home:ro,Z" "-v" "/mnt/big/crater/work/local/rustup-home:/rustup-home:ro,Z" "-e" "USER_ID=1000" "-e" "SOURCE_DIR=/source" "-e" "USER_ID=1000" "-e" "CMD=cargo +8940af3cea4a9a9deabcaf843b2f8cad9a83fc61-alt build --frozen" "-e" "CARGO_TARGET_DIR=/target" "-e" "CARGO_INCREMENTAL=0" "-e" "RUST_BACKTRACE=full" "-e" "RUSTFLAGS=--cap-lints=warn" "-e" "CARGO_HOME=/cargo-home" "-e" "RUSTUP_HOME=/rustup-home" "-m" "1536M" "--network" "none" "crater"`
Dec 02 06:39:27.901 INFO [stdout] dedda8dae97b1df7388467d103bbfa400b31f0422c119ca45f0bd3bd28ec0a44
Dec 02 06:39:27.907 INFO running `"docker" "start" "-a" "dedda8dae97b1df7388467d103bbfa400b31f0422c119ca45f0bd3bd28ec0a44"`
Dec 02 06:39:28.631 INFO [stderr] usermod: no changes
Dec 02 06:39:28.839 INFO [stderr]    Compiling cassowary v0.2.1
Dec 02 06:39:28.839 INFO [stderr]    Compiling slog v2.1.1
Dec 02 06:39:28.839 INFO [stderr]    Compiling memmap v0.6.2
Dec 02 06:39:28.893 INFO [stderr]    Compiling isatty v0.1.3
Dec 02 06:39:28.896 INFO [stderr]    Compiling shared_library v0.1.7
Dec 02 06:39:28.896 INFO [stderr]    Compiling petgraph v0.4.9
Dec 02 06:39:28.896 INFO [stderr]    Compiling gl_generator v0.7.0
Dec 02 06:39:28.896 INFO [stderr]    Compiling gl_generator v0.8.0
Dec 02 06:39:32.728 INFO [stderr]    Compiling tempfile v2.2.0
Dec 02 06:39:32.751 INFO [stderr]    Compiling num-bigint v0.1.40
Dec 02 06:39:32.755 INFO [stderr]    Compiling osmesa-sys v0.1.2
Dec 02 06:39:32.799 INFO [stderr]    Compiling x11-dl v2.15.0
Dec 02 06:39:43.143 INFO [stderr] error[E0034]: multiple applicable items in scope
Dec 02 06:39:43.143 INFO [stderr]     --> /cargo-home/registry/src/github.com-1ecc6299db9ec823/petgraph-0.4.9/src/graph_impl/stable_graph/mod.rs:1172:19
Dec 02 06:39:43.143 INFO [stderr]      |
Dec 02 06:39:43.144 INFO [stderr] 1172 |         self.iter.find_map(|(i, node)| {
Dec 02 06:39:43.144 INFO [stderr]      |                   ^^^^^^^^ multiple `find_map` found
Dec 02 06:39:43.144 INFO [stderr]      |
Dec 02 06:39:43.144 INFO [stderr] note: candidate #1 is defined in an impl of the trait `iter_utils::IterUtilsExt` for the type `_`
Dec 02 06:39:43.144 INFO [stderr]     --> /cargo-home/registry/src/github.com-1ecc6299db9ec823/petgraph-0.4.9/src/iter_utils.rs:5:5
Dec 02 06:39:43.145 INFO [stderr]      |
Dec 02 06:39:43.145 INFO [stderr] 5    | /     fn find_map<F, R>(&mut self, mut f: F) -> Option<R>
Dec 02 06:39:43.145 INFO [stderr] 6    | |         where F: FnMut(Self::Item) -> Option<R>
Dec 02 06:39:43.145 INFO [stderr] 7    | |     {
Dec 02 06:39:43.145 INFO [stderr] 8    | |         while let Some(elt) = self.next() {
Dec 02 06:39:43.146 INFO [stderr] ...    |
Dec 02 06:39:43.146 INFO [stderr] 13   | |         None
Dec 02 06:39:43.146 INFO [stderr] 14   | |     }
Dec 02 06:39:43.146 INFO [stderr]      | |_____^
Dec 02 06:39:43.146 INFO [stderr]      = note: candidate #2 is defined in an impl of the trait `std::iter::Iterator` for the type `std::iter::Enumerate<_>`
Dec 02 06:39:43.146 INFO [stderr] 
Dec 02 06:39:43.291 INFO [stderr] error[E0034]: multiple applicable items in scope
Dec 02 06:39:43.291 INFO [stderr]     --> /cargo-home/registry/src/github.com-1ecc6299db9ec823/petgraph-0.4.9/src/graph_impl/stable_graph/mod.rs:1355:19
Dec 02 06:39:43.291 INFO [stderr]      |
Dec 02 06:39:43.291 INFO [stderr] 1355 |         self.iter.find_map(|(i, edge)|
Dec 02 06:39:43.292 INFO [stderr]      |                   ^^^^^^^^ multiple `find_map` found
Dec 02 06:39:43.292 INFO [stderr]      |
Dec 02 06:39:43.292 INFO [stderr] note: candidate #1 is defined in an impl of the trait `iter_utils::IterUtilsExt` for the type `_`
Dec 02 06:39:43.292 INFO [stderr]     --> /cargo-home/registry/src/github.com-1ecc6299db9ec823/petgraph-0.4.9/src/iter_utils.rs:5:5
Dec 02 06:39:43.293 INFO [stderr]      |
Dec 02 06:39:43.293 INFO [stderr] 5    | /     fn find_map<F, R>(&mut self, mut f: F) -> Option<R>
Dec 02 06:39:43.293 INFO [stderr] 6    | |         where F: FnMut(Self::Item) -> Option<R>
Dec 02 06:39:43.293 INFO [stderr] 7    | |     {
Dec 02 06:39:43.293 INFO [stderr] 8    | |         while let Some(elt) = self.next() {
Dec 02 06:39:43.293 INFO [stderr] ...    |
Dec 02 06:39:43.294 INFO [stderr] 13   | |         None
Dec 02 06:39:43.294 INFO [stderr] 14   | |     }
Dec 02 06:39:43.294 INFO [stderr]      | |_____^
Dec 02 06:39:43.294 INFO [stderr]      = note: candidate #2 is defined in an impl of the trait `std::iter::Iterator` for the type `std::iter::Enumerate<_>`
Dec 02 06:39:43.294 INFO [stderr] 
Dec 02 06:39:43.351 INFO [stderr] error[E0034]: multiple applicable items in scope
Dec 02 06:39:43.351 INFO [stderr]     --> /cargo-home/registry/src/github.com-1ecc6299db9ec823/petgraph-0.4.9/src/graph_impl/stable_graph/mod.rs:1519:19
Dec 02 06:39:43.351 INFO [stderr]      |
Dec 02 06:39:43.351 INFO [stderr] 1519 |         self.iter.find_map(|(i, node)| {
Dec 02 06:39:43.352 INFO [stderr]      |                   ^^^^^^^^ multiple `find_map` found
Dec 02 06:39:43.352 INFO [stderr]      |
Dec 02 06:39:43.352 INFO [stderr] note: candidate #1 is defined in an impl of the trait `iter_utils::IterUtilsExt` for the type `_`
Dec 02 06:39:43.352 INFO [stderr]     --> /cargo-home/registry/src/github.com-1ecc6299db9ec823/petgraph-0.4.9/src/iter_utils.rs:5:5
Dec 02 06:39:43.352 INFO [stderr]      |
Dec 02 06:39:43.352 INFO [stderr] 5    | /     fn find_map<F, R>(&mut self, mut f: F) -> Option<R>
Dec 02 06:39:43.353 INFO [stderr] 6    | |         where F: FnMut(Self::Item) -> Option<R>
Dec 02 06:39:43.353 INFO [stderr] 7    | |     {
Dec 02 06:39:43.353 INFO [stderr] 8    | |         while let Some(elt) = self.next() {
Dec 02 06:39:43.353 INFO [stderr] ...    |
Dec 02 06:39:43.353 INFO [stderr] 13   | |         None
Dec 02 06:39:43.354 INFO [stderr] 14   | |     }
Dec 02 06:39:43.354 INFO [stderr]      | |_____^
Dec 02 06:39:43.354 INFO [stderr]      = note: candidate #2 is defined in an impl of the trait `std::iter::Iterator` for the type `std::iter::Enumerate<_>`
Dec 02 06:39:43.354 INFO [stderr] 
Dec 02 06:39:43.383 INFO [stderr] error[E0034]: multiple applicable items in scope
Dec 02 06:39:43.383 INFO [stderr]     --> /cargo-home/registry/src/github.com-1ecc6299db9ec823/petgraph-0.4.9/src/graph_impl/stable_graph/mod.rs:1565:19
Dec 02 06:39:43.383 INFO [stderr]      |
Dec 02 06:39:43.383 INFO [stderr] 1565 |         self.iter.find_map(|(i, node)| {
Dec 02 06:39:43.384 INFO [stderr]      |                   ^^^^^^^^ multiple `find_map` found
Dec 02 06:39:43.384 INFO [stderr]      |
Dec 02 06:39:43.384 INFO [stderr] note: candidate #1 is defined in an impl of the trait `iter_utils::IterUtilsExt` for the type `_`
Dec 02 06:39:43.384 INFO [stderr]     --> /cargo-home/registry/src/github.com-1ecc6299db9ec823/petgraph-0.4.9/src/iter_utils.rs:5:5
Dec 02 06:39:43.384 INFO [stderr]      |
Dec 02 06:39:43.384 INFO [stderr] 5    | /     fn find_map<F, R>(&mut self, mut f: F) -> Option<R>
Dec 02 06:39:43.385 INFO [stderr] 6    | |         where F: FnMut(Self::Item) -> Option<R>
Dec 02 06:39:43.385 INFO [stderr] 7    | |     {
Dec 02 06:39:43.385 INFO [stderr] 8    | |         while let Some(elt) = self.next() {
Dec 02 06:39:43.385 INFO [stderr] ...    |
Dec 02 06:39:43.385 INFO [stderr] 13   | |         None
Dec 02 06:39:43.386 INFO [stderr] 14   | |     }
Dec 02 06:39:43.386 INFO [stderr]      | |_____^
Dec 02 06:39:43.386 INFO [stderr]      = note: candidate #2 is defined in an impl of the trait `std::iter::Iterator` for the type `std::iter::Enumerate<_>`
Dec 02 06:39:43.386 INFO [stderr] 
Dec 02 06:39:45.007 INFO [stderr]    Compiling gfx_core v0.8.2
Dec 02 06:39:45.575 INFO [stderr]    Compiling palette v0.2.1
Dec 02 06:39:45.588 INFO [stderr]    Compiling gfx_gl v0.4.0
Dec 02 06:39:45.745 INFO [stderr]    Compiling nalgebra v0.11.2
Dec 02 06:39:45.823 INFO [stderr] error: aborting due to 4 previous errors
Dec 02 06:39:45.855 INFO [stderr] 
Dec 02 06:39:45.855 INFO [stderr] For more information about this error, try `rustc --explain E0034`.
Dec 02 06:39:45.911 INFO [stderr] error: Could not compile `petgraph`.
Dec 02 06:39:45.912 INFO [stderr] warning: build failed, waiting for other jobs to finish...
Dec 02 06:40:43.423 INFO [stderr] error: build failed
Dec 02 06:40:43.423 INFO [stderr] su: No module specific data is present
Dec 02 06:40:44.521 INFO running `"docker" "inspect" "dedda8dae97b1df7388467d103bbfa400b31f0422c119ca45f0bd3bd28ec0a44"`
Dec 02 06:40:44.829 INFO running `"docker" "rm" "-f" "dedda8dae97b1df7388467d103bbfa400b31f0422c119ca45f0bd3bd28ec0a44"`
Dec 02 06:40:45.106 INFO [stdout] dedda8dae97b1df7388467d103bbfa400b31f0422c119ca45f0bd3bd28ec0a44
